0 - 8)?
-5
-4 - (3 + -1 + -3)
-3
What is the value of -11 + 21 + (7 - 16)?
1
Calculate 4 + 1 + -12 - -5.
-2
(1 - 4) + (13 - 14)
-4
Evaluate (-8 - (-4 - 7)) + -2.
1
(-3 + (2 - 1) - -4) + -4
-2
Evaluate (4 - 0) + 3 + -6.
1
Evaluate -3 + (12 + -4 - (1 - 0)).
4
What is (10 - 20 - -11) + -2 + -1?
-2
-96 - -108 - (1 - -5)
6
What is -2 - (1 + (-1 - 0)) - 1?
-3
Calculate -4 - 1 - (-8 + 3) - -4.
4
What is (7 - -1) + 0 + -1 + -3?
4
Calculate (-72 - -73) + 0 + 0.
1
What is the value of -32 + 7 + 24 - (8 - 1)?
-8
What is the value of (0 - -5) + -1 - 1?
3
Calculate -5 + (-4 - (3 - 12)) - -6.
6
Calculate 0 + (1 - 1 - 2).
-2
1 - 3 - (23 + -29) - -3
7
What is -14 - (-6 - ((-3 - 5) + 8))?
-8
What is the value of (0 + 2 - -3) + -3 + 1?
3
What is the value of -2 + 2 + -9 + 11?
2
Calculate 1 - -1 - ((-8 - -4) + 3).
3
What is the value of -3 + -6 + 5 + 7?
3
2 + -2 - (28 - 10 - 13)
-5
Calculate 8 - (-2 - (-4 + -3)).
3
What is the value of 1 + 6 - (-9 + 21)?
-5
What is the value of -6 + 6 + 1 + 5?
6
Calculate -1 + 11 - (11 + -2).
1
Calculate -5 - (-20 + 11 + -2).
6
What is the value of 2 + (-12 - -10 - 3)?
-3
What is (-1 - 0) + (-7 - -9)?
1
(-2 - (3 + -2)) + -2
-5
-12 - -5 - (-8 + 0 + 7)
-6
Calculate (3 - (4 + 0)) + -6 + 1.
-6
5 - (0 + (-6 - -9))
2
10 - (3 - 1) - 8
0
Evaluate 7 - (13 + 13 - 10).
-9
What is the value of (-2 + 6 + -6 - 3) + 1?
-4
What is -2 - (-1 - (1 - (-3 + 2)))?
1
Calculate 3 + 2 + (-7 - (4 - 15)).
9
What is the value of -1 + 2 + (-4 - 1)?
-4
Calculate (-3 + -9 - -30) + -8.
10
0 + 6 + -3 - (-4 + 5)
2
What is the value of 0 + (4 - -3) + (-2 - 2)?
3
-3 + (6 - -2) - (1 + 0)
4
What is the value of (3 - 0) + (-9 - (-8 - 1))?
3
What is the value of (-4 - -3) + 4 - (-10 - -11)?
2
What is the value of -1 + 3 - (-2 - -6)?
-2
What is (-1 - 10 - -8) + -3?
-6
What is (14 - 14) + -1 + 1 + 1?
1
Calculate -5 + (1 - ((5 - 3) + -3)).
-3
Calculate 3 + (1 - (-6 - -7)).
3
(-3 - (-4 + 7)) + 5
-1
What is 1 - (1 + -1) - (-41 + 43)?
-1
What is (-1 - 3) + (0 + 6 - 8)?
-6
Calculate 10 - (7 + -2 + 5).
0
Evaluate -2 - (-14 - -2) - (4 + 1).
5
What is the value of 0 + (-3 + 2 - (5 + -8))?
2
0 + -8 + (22 - 15)
-1
Evaluate -191 - -204 - (-1 + -1 + 8).
7
Evaluate 6 - 5 - 0 - -3 - -2.
6
What is 10 - (12 + 5 + -10)?
3
(-1 - 1) + (4 - (4 + -1))
-1
What is the value of -4 - (1 + -2) - (188 + -194)?
3
(-4 - -1) + -1 - -4
0
Evaluate 1 + (2 - (-8 + 16)).
-5
Calculate 2 + 7 + -8 - -2.
3
Calculate -8 - -9 - ((2 - 3) + 5).
-3
What is -3 + 1 + -2 + 5 - 0?
1
Evaluate -8 - ((3 - -10) + -12).
-9
What is the value of 18 + 5 + -9 + (-9 - -1)?
6
Calculate -20 - -15 - 0 - (2 + -3).
-4
17 + -15 + -7 + 0
-5
Evaluate -5 + 2 + (8 - 3).
2
What is 3 - (-4 + 6 + -3 + 0)?
4
What is 4 - (2 + (0 - 2) - 1)?
5
-5 + (-1 - -5 - -12) - 3
8
Calculate -6 + 3 + 1 + -2 + -1.
-5
Calculate 2 + 6 + -4 + 1.
5
Evaluate 9 - (-5 - -2 - 0) - 5.
7
What is the value of 8 + -1 + (-10 - (-36 - -22))?
11
What is -3 + 3 + (0 - -1) - 6?
-5
What is the value of -11 + 5 - (-5 + -2)?
1
What is the value of -2 + 6 + 2 + -1 - 7?
-2
Calculate -1 + 0 + (-1 - 0) - -1.
-1
Calculate -9 + 10 - (1 - -1).
-1
Evaluate 10 + -7 - (13 + -5).
-5
What is (-3 - 0) + (-3 - -4) + -1?
-3
What is the value of 9 + -15 + (2 - 2)?
-6
What is -27 + 24 - (3 - 1)?
-5
Calculate -3 + 1 + 4 - (3 + -1).
0
Calculate (43 - 40) + (-1 - 6).
-4
What is -4 - (-6 + -1) - 0?
3
Evaluate -9 + (14 - (1 + 9)).
-5
Evaluate -3 + (3 + 0 - 2).
-2
-3 + -1 - (2 - 5 - 0)
-1
What is -10 - -1 - (-112 - -108)?
-5
-13 + (6 - 2) - -6
-3
What is the value of -7 - (-8 - (-6 + 6))?
1
What is the value of 1 + -10 - (-2 + 1 - 3)?
-5
Evaluate 2 - 10 - -6 - -4 - -1.
3
What is the value of (1 - (0 + -1)) + (17 - 19)?
0
Calculate (4 - -1) + (-11 - -7).
1
Evaluate 4 + (3 - 0) + -2.
5
Evaluate (7 - 4 - 0) + 0 + -3.
0
Evaluate 4 + -5 + -1 + -4.
-6
Evaluate -4 - (2 - 5) - -5.
4
Calculate 3 - (-5 + -3 - (6 + -11)).
6
(-7 - 0) + 5 + -3 + 5
0
What is 4 - (4 + -2 + 3)?
-1
Calculate -11 + (13 - -10) - 11.
1
Evaluate 11 + (7 - 15) + (3 - 0).
6
What is 8 + 1 - 2 - (5 - 1)?
3
Evaluate 4 - (2 + 3 + 0 + -3).
2
(-10 - (3 + -10)) + -3
-6
-3 + (0 - -5) + (2 - 5)
-1
What is the value of (2 + 2 - 1) + -3?
0
What is the value of 7 + (0 - -1) + -7?
1
Calculate -1 - (3 - (-3 + 4 + 7)).
4
What is the value of -2 - (3 - 14 - 0)?
9
Calculate 0 + (-1 - (2 + 0)).
-3
What is the value of -25 + 25 - -1 - (-2 + 1)?
2
Evaluate 1 + 0 + (-16 - -16).
1
What is the value of -5 + (4 - (1 - 6))?
4
What is the value of -48 + 49 - (-2 + 0)?
3
6 + 0 - (18 - 12) - -8
8
What is the value of -6 + (-3 + 6 - 2)?
-5
What is the value of -6 + 14 - -2 - 11?
-1
What is the value of 1 + -6 + 5 + 0?
0
What is -56 + 46 - (-1 - 5)?
-4
What is the value of -2 - 0 - (-2 + -2)?
2
Evaluate (4 - 9 - -4) + -1 - -1.
-1
Evaluate -5 - -8 - (0 + -1).
4
-3 - (2 - -3) - (-13 + -1)
6
What is 1 + (17 + -7 - 2)?
9
What is the value of 4 + -8 + (9 - 6)?
-1
What is (-4 - -25) + (-12 - 2)?
7
What is -3 + (-1 + 3 - -2)?
1
What is the value of -10 - (5 + -13) - -3?
1
-8 + 6 + (7 - 1)
4
Evaluate (-3 - (5 - 5)) + (-2 - 0).
-5
(-6 - -6) + -7 + (4 - 0)
-3
What is the value of (15 - (32 + -6)) + 20?
9
Calculate (0 - (-2 - (5 + -4))) + -4.
-1
What is the value of -17 + 11 - -4 - 8?
-10
What is (1 - (3 + 1)) + -1 + 3?
-1
What is the value of -3 + (5 + 5 - -1)?
8
(2 - (-5 - -9)) + -2
-4
Calculate (6 - 4) + -3 + 2.
1
What is 59 - 65 - (0 - (2 + 9))?
5
-1 + 1 + 2 + 3 + -1
4
Calculate 3 - (2 + 1 + 16 + -14).
-2
Calculate 2 + (-4 - -7 - -2) + -3.
4
What is (1 - 8 - (7 + -7)) + 2?
-5
Evaluate -1 + 4 - (3 - (1 + 0)).
1
-8 + 10 + -8 - 2
-8
Calculate 1 - (5 + -7) - -1.
4
Evaluate -15 - (-13 + 1) - (0 - 7).
4
What is the value of (-5 - (-2 + 3)) + 5?
-1
What is 10 + (-10 - 8 - -6)?
-2
Evaluate -1 + -6 - -31 - 13.
11
(-2 - 1) + -3 - (80 + -94)
8
-2 + 1 - (-10 - -12)
-3
Evaluate 7 + 0 + -6 + -6.
-5
-2 + 6 - (-16 - -24)
-4
Evaluate 2 - (-1 + 1) - (-26 + 28).
0
Calculate 0 - ((0 - -5) + -2 - 2).
-1
Evaluate (1 - -1) + (-5 - -3).
0
Calculate (-8 - -7) + (16 - 11).
4
What is (-1 - -1) + 9 + -4?
5
Calculate (1 - -4) + (-99 - -99).
5
10 + -9 + -16 - -14
-1
Evaluate -3 + 6 + -13 - -12.
2
What is 3 - (4 - (-4 - -2))?
-3
3 + 0 + -55 + 52
0
(4 + -2 - 3) + 4 + -2
1
Evaluate 3 - (0 + (-1 - -4) + -2).
2
What is the value of (-4 - (-5 + 8 - 1)) + -3?
-9
What is 6 + (4 + 1 - 16) - -8?
3
What is 4 - (-4 - (-11 - (-1 - 3)))?
1
What is -4 + (5 - 9) + 13?
5
What is 2 - (-6 + 9 + -2)?
1
(3 - 2) + (5 - -1) + -3
4
4 + -6 - -1 - 2
-3
Evaluate -1 + -2 + 4 - -3.
4
(7 - 12 - -7) + 3
5
What is 35 + -20 + (-1 - 9)?
5
What is the value of 43 - 48 - (1 - 10)?
4
What is the value of -1 - ((1 - 2) + -4)?
4
-9 + (-4 - -7) - -11
5
What is (-7 - (-1 - 1)) + 3?
-2
What is 3 - (6 - 3 - 2)?
2
Evaluate 13 + -21 + 9 - (-4 - 0).
5
What is the value of 3 + (1 - 3) + 3 - 2?
2
Calculate (1 - (-3 + 1)) + (1 - 2).
2
Evaluate 3 + 4 + -3 + (-13 - -6).
-3
Evaluate (-4 - -1) + (4 - -1 - 0).
2
Calculate 20 + -15 + (-13 - 0).
-8
Evaluate (-1 + -2 - -5) + (0 - 3).
-1
Calculate 4 + 1 - (-13 + 20).
-2
Evaluate 3 + (8 - 0 - 15).
-4
What is the value of 3 - 0 - 5 - 3?
-5
-8 - ((0 - 2) + -5)
-1
Calculate (1 - -5) + -1 + (-5 - -5).
5
Evaluate -13 - (6 - 9 - 8).
-2
Evaluate -3 - -16 - 8 - -1.
6
Evaluate 11 + (15 - 26) - 1.
-1
What is (-1 - -4) + 0 - (-2 - -2)?
3
Calculate -7 - (8 - (7 + 8)).
0
8 + -11 + 0 + (-1 - -3)
-1
What is -3 - -6 - (41 + -36)?
-2
What is the value of -14 + 16 - (2 + -4)?
4
Calculate -5 - (-14 - -3 - -1).
5
What is 6 - (-3 + -3 - -5)?
7
What is -12 - (9 + -37 + 14)?
2
Evaluate 19 + (-5 - 4) - 17.
-7
Evaluate 0 + (0 - 4 - (-2 + 0)).
-2
What is the value of 0 - 1 - (-2 + 0)?
1
14 - 16 - -4 - (4 + 1)
-3
Calculate (2 - (0 + 0)) + 2.
4
What is the value of 1 + 0 + 2 + -2 + 4?
5
4 + (-2 - (2 + -4)) + -2
2
1 + -4 + (7 - (-1 - -8))
-3
(8 - (5 + 2)) + 0 + -1
0
Evaluate 9 + -11 + 3 + 0.
1
What is 8 + (-10 - (0 - -1))?
-3
Evaluate 5 + -11 + (-7 + 7 - 3).
-9
Calculate -3 + (-2 - (3 - 9)).
1
-3 - (5 + -2 + -4)
-2
What is 4 + (-4 - 0) + -4 - -7?
3
What is 2 - 12 - (-6 - 4)?
0
Calculate (-6 - -13) + (1 - 5).
3
What is the value of (4 - (1 + (-2 - -3))) + 2?
4
Evaluate 4 - 3 - (4 + (3 - 10)).
4
What is -3 + (2 - (2 - 4))?
1
Evaluate (-4 - -8 - 3) + -1 + -1.
-1
Evaluate -4 - 3 - (0 - 4).
-3
Evaluate -6 + 0 + 1 + 56 + -55.
-4
What is the